{"id":709,"date":"2024-06-27T12:33:10","date_gmt":"2024-06-27T11:33:10","guid":{"rendered":"https:\/\/mv-steinmauern.de\/?page_id=709"},"modified":"2024-07-03T09:53:19","modified_gmt":"2024-07-03T08:53:19","slug":"heckenfest-2024","status":"publish","type":"page","link":"https:\/\/mv-steinmauern.de\/?page_id=709","title":{"rendered":"Heckenfest 2024"},"content":{"rendered":"\n<p>Heckenfest abgesagt!<\/p>\n\n\n\n<p>Seit vergangenem Samstag steht fest, dass Deutschland am Freitag, 5. Juli sein EM-Viertelfinalspiel bestreiten wird, seit Sonntagabend, dass der Gegner Spanien sein wird. Ein absolutes Fu\u00dfball-Highlight also und das ausgerechnet am Heckenfesttag des MV Steinmauern.<\/p>\n\n\n\n<p>Seit dem Wochenende haben sich die Veranstalter des Heckenfestes bem\u00fcht, kurzfristig eine L\u00f6sung f\u00fcr das Problem zu finden, sprich: \u201ePublic Viewing\u201c anzubieten. Denn eines war klar: um 18:00 Uhr w\u00fcrde sich nur eine geringe G\u00e4stezahl auf der Streuobstwiese einfinden, sollte man nicht vor Ort Fu\u00dfball schauen k\u00f6nnen. Die einzige M\u00f6glichkeit, die sich bot, war eine \u00dcbertragung in den Nebenraum der Turnhalle, also keine wirkliche L\u00f6sung.<\/p>\n\n\n\n<p class=\"has-vivid-red-color has-text-color has-link-color wp-elements-51fa21cc83a9cb5d60432f6854e972a9\">Schweren Herzens haben sich daher die Organisatoren am Dienstagabend dazu entschlossen, das Fest abzusagen!<\/p>\n\n\n\n<p>Wir bitten alle, die auch ohne Live-\u00dcbertragung gekommen w\u00e4ren, um Verst\u00e4ndnis f\u00fcr diese Entscheidung! Sicherlich haben Sie sich schon riesig auf das Heckenfest gefreut, genauso wie wir. Doch muss f\u00fcr den Verein, neben all dem Spa\u00df am Fest, auch die Bilanz am Ende des Tages stimmen. Wenige G\u00e4ste UND k\u00fchle Temperaturen ab 21:00 Uhr UND eine vermutlich nasse Festwiese h\u00e4tten diese wohl gr\u00fcndlich verhagelt.<\/p>\n\n\n\n<p>Herzlichen Dank f\u00fcr Ihr Verst\u00e4ndnis!<\/p>\n\n\n\n<figure class=\"wp-block-gallery has-nested-images columns-default is-cropped wp-block-gallery-1 is-layout-flex wp-block-gallery-is-layout-flex\">\n<figure class=\"wp-block-image size-full\"><img loading=\"lazy\" decoding=\"async\" width=\"1800\" height=\"1522\" data-id=\"822\" src=\"https:\/\/mv-steinmauern.de\/wp-content\/uploads\/2024\/07\/abgesagt.jpg\" alt=\"\" class=\"wp-image-822\" srcset=\"https:\/\/mv-steinmauern.de\/wp-content\/uploads\/2024\/07\/abgesagt.jpg 1800w, https:\/\/mv-steinmauern.de\/wp-content\/uploads\/2024\/07\/abgesagt-300x254.jpg 300w, https:\/\/mv-steinmauern.de\/wp-content\/uploads\/2024\/07\/abgesagt-768x649.jpg 768w, https:\/\/mv-steinmauern.de\/wp-content\/uploads\/2024\/07\/abgesagt-1536x1299.jpg 1536w\" sizes=\"auto, (max-width: 767px) 89vw, (max-width: 1000px) 54vw, (max-width: 1071px) 543px, 580px\" \/><\/figure>\n<\/figure>\n","protected":false},"excerpt":{"rendered":"<p>Heckenfest abgesagt! Seit vergangenem Samstag steht fest, dass Deutschland am Freitag, 5. Juli sein EM-Viertelfinalspiel bestreiten wird, seit Sonntagabend, dass der Gegner Spanien sein wird. Ein absolutes Fu\u00dfball-Highlight also und das ausgerechnet am Heckenfesttag des MV Steinmauern. Seit dem Wochenende haben sich die Veranstalter des Heckenfestes bem\u00fcht, kurzfristig eine L\u00f6sung f\u00fcr das Problem zu finden, &hellip; <\/p>\n<p class=\"link-more\"><a href=\"https:\/\/mv-steinmauern.de\/?page_id=709\" class=\"more-link\"><span class=\"screen-reader-text\">\u201eHeckenfest 2024\u201c <\/span>weiterlesen<\/a><\/p>\n","protected":false},"author":1,"featured_media":0,"parent":0,"menu_order":0,"comment_status":"closed","ping_status":"closed","template":"","meta":{"footnotes":""},"class_list":["post-709","page","type-page","status-publish","hentry"],"_links":{"self":[{"href":"https:\/\/mv-steinmauern.de\/index.php?rest_route=\/wp\/v2\/pages\/709","targetHints":{"allow":["GET"]}}],"collection":[{"href":"https:\/\/mv-steinmauern.de\/index.php?rest_route=\/wp\/v2\/pages"}],"about":[{"href":"https:\/\/mv-steinmauern.de\/index.php?rest_route=\/wp\/v2\/types\/page"}],"author":[{"embeddable":true,"href":"https:\/\/mv-steinmauern.de\/index.php?rest_route=\/wp\/v2\/users\/1"}],"replies":[{"embeddable":true,"href":"https:\/\/mv-steinmauern.de\/index.php?rest_route=%2Fwp%2Fv2%2Fcomments&post=709"}],"version-history":[{"count":8,"href":"https:\/\/mv-steinmauern.de\/index.php?rest_route=\/wp\/v2\/pages\/709\/revisions"}],"predecessor-version":[{"id":823,"href":"https:\/\/mv-steinmauern.de\/index.php?rest_route=\/wp\/v2\/pages\/709\/revisions\/823"}],"wp:attachment":[{"href":"https:\/\/mv-steinmauern.de\/index.php?rest_route=%2Fwp%2Fv2%2Fmedia&parent=709"}],"curies":[{"name":"wp","href":"https:\/\/api.w.org\/{rel}","templated":true}]}}

<p>Heckenfest abgesagt!</p>



<p>Seit vergangenem Samstag steht fest, dass Deutschland am Freitag, 5. Juli sein EM-Viertelfinalspiel bestreiten wird, seit Sonntagabend, dass der Gegner Spanien sein wird. Ein absolutes Fußball-Highlight also und das ausgerechnet am Heckenfesttag des MV Steinmauern.</p>



<p>Seit dem Wochenende haben sich die Veranstalter des Heckenfestes bemüht, kurzfristig eine Lösung für das Problem zu finden, sprich: „Public Viewing“ anzubieten. Denn eines war klar: um 18:00 Uhr würde sich nur eine geringe Gästezahl auf der Streuobstwiese einfinden, sollte man nicht vor Ort Fußball schauen können. Die einzige Möglichkeit, die sich bot, war eine Übertragung in den Nebenraum der Turnhalle, also keine wirkliche Lösung.</p>



<p class="has-vivid-red-color has-text-color has-link-color wp-elements-51fa21cc83a9cb5d60432f6854e972a9">Schweren Herzens haben sich daher die Organisatoren am Dienstagabend dazu entschlossen, das Fest abzusagen!</p>



<p>Wir bitten alle, die auch ohne Live-Übertragung gekommen wären, um Verständnis für diese Entscheidung! Sicherlich haben Sie sich schon riesig auf das Heckenfest gefreut, genauso wie wir. Doch muss für den Verein, neben all dem Spaß am Fest, auch die Bilanz am Ende des Tages stimmen. Wenige Gäste UND kühle Temperaturen ab 21:00 Uhr UND eine vermutlich nasse Festwiese hätten diese wohl gründlich verhagelt.</p>



<p>Herzlichen Dank für Ihr Verständnis!</p>



<figure class="wp-block-gallery has-nested-images columns-default is-cropped wp-block-gallery-1 is-layout-flex wp-block-gallery-is-layout-flex">
<figure class="wp-block-image size-full"><img loading="lazy" decoding="async" width="1800" height="1522" data-id="822" src="https://mv-steinmauern.de/wp-content/uploads/2024/07/abgesagt.jpg" alt="" class="wp-image-822" srcset="https://mv-steinmauern.de/wp-content/uploads/2024/07/abgesagt.jpg 1800w, https://mv-steinmauern.de/wp-content/uploads/2024/07/abgesagt-300x254.jpg 300w, https://mv-steinmauern.de/wp-content/uploads/2024/07/abgesagt-768x649.jpg 768w, https://mv-steinmauern.de/wp-content/uploads/2024/07/abgesagt-1536x1299.jpg 1536w" sizes="auto, (max-width: 767px) 89vw, (max-width: 1000px) 54vw, (max-width: 1071px) 543px, 580px" /></figure>
</figure>

<p>Heckenfest abgesagt! Seit vergangenem Samstag steht fest, dass Deutschland am Freitag, 5. Juli sein EM-Viertelfinalspiel bestreiten wird, seit Sonntagabend, dass der Gegner Spanien sein wird. Ein absolutes Fußball-Highlight also und das ausgerechnet am Heckenfesttag des MV Steinmauern. Seit dem Wochenende haben sich die Veranstalter des Heckenfestes bemüht, kurzfristig eine Lösung für das Problem zu finden, &hellip; </p>
<p class="link-more"><a href="https://mv-steinmauern.de/?page_id=709" class="more-link"><span class="screen-reader-text">„Heckenfest 2024“ </span>weiterlesen</a></p>
