{"id":606,"date":"2023-11-05T13:18:30","date_gmt":"2023-11-05T12:18:30","guid":{"rendered":"https:\/\/mv-steinmauern.de\/?page_id=606"},"modified":"2023-11-05T13:50:25","modified_gmt":"2023-11-05T12:50:25","slug":"das-schuelerorchester","status":"publish","type":"page","link":"https:\/\/mv-steinmauern.de\/?page_id=606","title":{"rendered":"Das Sch\u00fclerorchester"},"content":{"rendered":"\n<p>Das Sch\u00fclerorchester ist die musikalische Formation f\u00fcr die J\u00fcngsten im Musikverein. Seit Ende 2022 k\u00f6nnen die jungen Musikerinnen und Musiker in einem gemeinsamen Projekt mit dem <a href=\"https:\/\/www.mv-elchesheim-illingen.de\/\" data-type=\"link\" data-id=\"https:\/\/www.mv-elchesheim-illingen.de\/\" target=\"_blank\" rel=\"noreferrer noopener\">Musikverein Elchesheim-Illingen<\/a> erste Erfahrungen im gemeinsamen Musizieren machen. <\/p>\n\n\n\n<figure class=\"wp-block-gallery has-nested-images columns-default is-cropped wp-block-gallery-1 is-layout-flex wp-block-gallery-is-layout-flex\">\n<figure class=\"wp-block-image size-large\"><img loading=\"lazy\" decoding=\"async\" width=\"1920\" height=\"1528\" data-id=\"607\" src=\"https:\/\/mv-steinmauern.de\/wp-content\/uploads\/2023\/11\/Schuelerkapelle_Steinmauern.jpg\" alt=\"\" class=\"wp-image-607\" srcset=\"https:\/\/mv-steinmauern.de\/wp-content\/uploads\/2023\/11\/Schuelerkapelle_Steinmauern.jpg 1920w, https:\/\/mv-steinmauern.de\/wp-content\/uploads\/2023\/11\/Schuelerkapelle_Steinmauern-300x239.jpg 300w, https:\/\/mv-steinmauern.de\/wp-content\/uploads\/2023\/11\/Schuelerkapelle_Steinmauern-768x611.jpg 768w, https:\/\/mv-steinmauern.de\/wp-content\/uploads\/2023\/11\/Schuelerkapelle_Steinmauern-1536x1222.jpg 1536w\" sizes=\"auto, (max-width: 767px) 89vw, (max-width: 1000px) 54vw, (max-width: 1071px) 543px, 580px\" \/><\/figure>\n<\/figure>\n","protected":false},"excerpt":{"rendered":"<p>Das Sch\u00fclerorchester ist die musikalische Formation f\u00fcr die J\u00fcngsten im Musikverein. Seit Ende 2022 k\u00f6nnen die jungen Musikerinnen und Musiker in einem gemeinsamen Projekt mit dem Musikverein Elchesheim-Illingen erste Erfahrungen im gemeinsamen Musizieren machen.<\/p>\n","protected":false},"author":1,"featured_media":0,"parent":0,"menu_order":0,"comment_status":"closed","ping_status":"closed","template":"","meta":{"footnotes":""},"class_list":["post-606","page","type-page","status-publish","hentry"],"_links":{"self":[{"href":"https:\/\/mv-steinmauern.de\/index.php?rest_route=\/wp\/v2\/pages\/606","targetHints":{"allow":["GET"]}}],"collection":[{"href":"https:\/\/mv-steinmauern.de\/index.php?rest_route=\/wp\/v2\/pages"}],"about":[{"href":"https:\/\/mv-steinmauern.de\/index.php?rest_route=\/wp\/v2\/types\/page"}],"author":[{"embeddable":true,"href":"https:\/\/mv-steinmauern.de\/index.php?rest_route=\/wp\/v2\/users\/1"}],"replies":[{"embeddable":true,"href":"https:\/\/mv-steinmauern.de\/index.php?rest_route=%2Fwp%2Fv2%2Fcomments&post=606"}],"version-history":[{"count":2,"href":"https:\/\/mv-steinmauern.de\/index.php?rest_route=\/wp\/v2\/pages\/606\/revisions"}],"predecessor-version":[{"id":624,"href":"https:\/\/mv-steinmauern.de\/index.php?rest_route=\/wp\/v2\/pages\/606\/revisions\/624"}],"wp:attachment":[{"href":"https:\/\/mv-steinmauern.de\/index.php?rest_route=%2Fwp%2Fv2%2Fmedia&parent=606"}],"curies":[{"name":"wp","href":"https:\/\/api.w.org\/{rel}","templated":true}]}}