{"id":59,"date":"2019-12-30T09:40:01","date_gmt":"2019-12-30T09:40:01","guid":{"rendered":"http:\/\/mv-steinmauern.de\/?page_id=59"},"modified":"2025-07-30T11:20:51","modified_gmt":"2025-07-30T10:20:51","slug":"chronik","status":"publish","type":"page","link":"https:\/\/mv-steinmauern.de\/?page_id=59","title":{"rendered":"Chronik"},"content":{"rendered":"\n<p>Die Geschichte der Blasmusik in Steinmauern ist viel \u00e4lter als der Musikverein. Schon 1924 wurde n\u00e4mlich ein Musikverein gegr\u00fcndet, der damals 190 Mitglieder z\u00e4hlte &#8211; 25 davon aktive. Infolge der politischen Verh\u00e4ltnisse l\u00f6ste sich der Verein 1935 jedoch auf. <\/p>\n\n\n\n<h3 class=\"wp-block-heading\">Das Gr\u00fcndungsjahr 1951:<\/h3>\n\n\n\n<p>Im Jahre 1950 machte der damalige B\u00fcrgermeister Alfred Boos den Vorschlag in Steinmauern wieder eine Musikkapelle zu gr\u00fcnden. Sehr wenige der ehemaligen Musiker wollten wieder aktiv werden, jedoch meldeten sich viele junge Leute, die bei der Gr\u00fcndung einer Kapelle mitmachen wollten. Die Gemeindevewaltung stellte einen Kredit zur Beschaffung von Instrumenten zur Verf\u00fcgung.<\/p>\n\n\n\n<p>So begannen bald die ersten Proben unter dem Dirigenten Herrn Fischer aus Rastatt. Um die finanzielle Basis der Kapelle zu sichern, beschloss man kurz darauf, einen Verein zu gr\u00fcnden.<\/p>\n\n\n\n<p>Am Samstag, dem 9. Juni 1951 wurden die Einwohner Steinmauerns zur Gr\u00fcndung eines Musikvereins ins Gasthaus &#8222;Zum Anker&#8220; eingeladen. Zu Beginn der Versammlung spielte die junge Kapelle einige St\u00fccke. Nach ausf\u00fchrlicher Besprechung waren die 53 M\u00e4nner, die zur Versammlung erschienen waren, sich einig, einen Verein zu gr\u00fcnden.<\/p>\n\n\n\n<p>Bereits Juli 1951 wurde eine Mitgliederwerbung durchgef\u00fchrt, die einen Zuwachs von 160 Mitgliedern brachte. Der Verein z\u00e4hlte damals insgesamt 213 aktive und passive Mitglieder. Schon 1951 wurde ein Sommerfest unter Mitwirkung der Nachbarvereine aus Plittersdorf, Elchesheim-Illingen und  \u00d6tigheim durchgef\u00fchrt. So war schon damals die Verwaltung bestrebt, mit Sommerfesten, Weihnachtsfeiern und Faschingsb\u00e4llen den Mitgliedern und der Bev\u00f6lkerung einige Unterhaltung zu bieten und gleichzeitig &#8222;die Kasse zu st\u00e4rken&#8220;.<\/p>\n\n\n\n<div class=\"wp-block-group has-cyan-bluish-gray-background-color has-background\"><div class=\"wp-block-group__inner-container is-layout-flow wp-block-group-is-layout-flow\">\n<h3 class=\"has-very-dark-gray-color has-text-color wp-block-heading\">Aktive Mitglieder der Kapelle 1951<\/h3>\n\n\n\n<p class=\"has-very-dark-gray-color has-very-light-gray-background-color has-text-color has-background\">Anton Fettig, Karl Griesemer, Herrmann Haas, Alfred Becker, Albert Fortenbacher,  Walter Schuster, Franz Gr\u00fcnbacher, Alfred K\u00f6lmel, Engelbert G\u00f6tz,  Josef We\u00dfbecher, Gustav Unser, Josef Lehmann, Helmut G\u00f6tz,  Alfred Boos, Werner K\u00f6lmel, Karl Fiedler,  Otto Fettig, G\u00fcnter Lichtenwalder,  Heinz Weidenbacher, Richard Lehmann <\/p>\n<\/div><\/div>\n\n\n\n<div class=\"wp-block-group has-cyan-bluish-gray-background-color has-background\"><div class=\"wp-block-group__inner-container is-layout-flow wp-block-group-is-layout-flow\">\n<h3 class=\"has-very-dark-gray-color has-text-color wp-block-heading\">Vorstandschaft 1951<\/h3>\n\n\n\n<p class=\"has-very-dark-gray-color has-very-light-gray-background-color has-text-color has-background\">1. Vorsitzender: Friedrich Hatz<br>2. Vorsitzender: Karl Griesemer<br>Kassier: Albert We\u00dfbecher<br>Schriftf\u00fchrer: Herrmann Heinrich<br>Vereinsbote: Jakob Fritz<br>aktive Beisitzer: Anton Fettig, Herrmann Haas<br>passive Beisitzer: Anton Gr\u00fcnbacher, Ludwig Nold<\/p>\n<\/div><\/div>\n\n\n\n<h3 class=\"wp-block-heading\">Chronologie und &#8222;Highlights&#8220; der Folgejahre:<\/h3>\n\n\n\n<ul class=\"wp-block-list\"><li>1956 wurden die neuen Glocken mit Marschmusik zur Kirche geleitet<\/li><li>Erntedankfeste 1958, 1960 und 1963<\/li><li>Musik zur Einweihung der neuen Schule und Turnhalle im September 1963<\/li><li>Feierliche Umrahmung der Einweihung des neuen Feuerwehrhauses 1966<\/li><li>1970 &#8211; erste Ehrungen f\u00fcr 10 und 20 Jahre Vereinszugeh\u00f6rigkeit<\/li><li>Januar und Dezember 1975 Winterfeiern zusammen mit dem Gesangsverein<\/li><li>1975 Gr\u00fcndung der Jugendkapelle<\/li><li>Juni 1976 Jubil\u00e4umsfest zum 25-j\u00e4hrigen Bestehen<\/li><li>1980 Auftritt im Herzogenriedpark in Mannheim<\/li><li>1981 Auftritt beim Kurkonzert in Titisee<\/li><li>1989 Teilnahme am Musikfestival in Trier<\/li><li>1989 zahlreiche Veranstaltungen zur 750-Jahr-Feier der Gemeinde<\/li><li>1991 Auftritt der 76th US Army Band zur 40-j\u00e4hrigen Geburtstagsfeier des Vereins<\/li><li>13. Juni 1992 Country- und Westernabend<\/li><li>1998 Aufenthalt bei der Schweizer Partnergemeinde Steinmaur<\/li><li>3. Oktober 2000 erstes Schlachtfest<\/li><li>8. bis 11. Juni 2001 Jubil\u00e4umsfest mit 4-t\u00e4gigem Festprogramm zum 50-j\u00e4hrigen Jubil\u00e4um<\/li><li>2007 Musikfest mit &#8222;Timbersport&#8220; (Sportholzf\u00e4llen) <\/li><\/ul>\n","protected":false},"excerpt":{"rendered":"<p>Die Geschichte der Blasmusik in Steinmauern ist viel \u00e4lter als der Musikverein. Schon 1924 wurde n\u00e4mlich ein Musikverein gegr\u00fcndet, der damals 190 Mitglieder z\u00e4hlte &#8211; 25 davon aktive. Infolge der politischen Verh\u00e4ltnisse l\u00f6ste sich der Verein 1935 jedoch auf. Das Gr\u00fcndungsjahr 1951: Im Jahre 1950 machte der damalige B\u00fcrgermeister Alfred Boos den Vorschlag in Steinmauern &hellip; <\/p>\n<p class=\"link-more\"><a href=\"https:\/\/mv-steinmauern.de\/?page_id=59\" class=\"more-link\"><span class=\"screen-reader-text\">\u201eChronik\u201c <\/span>weiterlesen<\/a><\/p>\n","protected":false},"author":1,"featured_media":515,"parent":0,"menu_order":0,"comment_status":"closed","ping_status":"closed","template":"","meta":{"footnotes":""},"class_list":["post-59","page","type-page","status-publish","has-post-thumbnail","hentry"],"_links":{"self":[{"href":"https:\/\/mv-steinmauern.de\/index.php?rest_route=\/wp\/v2\/pages\/59","targetHints":{"allow":["GET"]}}],"collection":[{"href":"https:\/\/mv-steinmauern.de\/index.php?rest_route=\/wp\/v2\/pages"}],"about":[{"href":"https:\/\/mv-steinmauern.de\/index.php?rest_route=\/wp\/v2\/types\/page"}],"author":[{"embeddable":true,"href":"https:\/\/mv-steinmauern.de\/index.php?rest_route=\/wp\/v2\/users\/1"}],"replies":[{"embeddable":true,"href":"https:\/\/mv-steinmauern.de\/index.php?rest_route=%2Fwp%2Fv2%2Fcomments&post=59"}],"version-history":[{"count":5,"href":"https:\/\/mv-steinmauern.de\/index.php?rest_route=\/wp\/v2\/pages\/59\/revisions"}],"predecessor-version":[{"id":545,"href":"https:\/\/mv-steinmauern.de\/index.php?rest_route=\/wp\/v2\/pages\/59\/revisions\/545"}],"wp:featuredmedia":[{"embeddable":true,"href":"https:\/\/mv-steinmauern.de\/index.php?rest_route=\/wp\/v2\/media\/515"}],"wp:attachment":[{"href":"https:\/\/mv-steinmauern.de\/index.php?rest_route=%2Fwp%2Fv2%2Fmedia&parent=59"}],"curies":[{"name":"wp","href":"https:\/\/api.w.org\/{rel}","templated":true}]}}

<p>Die Geschichte der Blasmusik in Steinmauern ist viel älter als der Musikverein. Schon 1924 wurde nämlich ein Musikverein gegründet, der damals 190 Mitglieder zählte &#8211; 25 davon aktive. Infolge der politischen Verhältnisse löste sich der Verein 1935 jedoch auf. </p>



<h3 class="wp-block-heading">Das Gründungsjahr 1951:</h3>



<p>Im Jahre 1950 machte der damalige Bürgermeister Alfred Boos den Vorschlag in Steinmauern wieder eine Musikkapelle zu gründen. Sehr wenige der ehemaligen Musiker wollten wieder aktiv werden, jedoch meldeten sich viele junge Leute, die bei der Gründung einer Kapelle mitmachen wollten. Die Gemeindevewaltung stellte einen Kredit zur Beschaffung von Instrumenten zur Verfügung.</p>



<p>So begannen bald die ersten Proben unter dem Dirigenten Herrn Fischer aus Rastatt. Um die finanzielle Basis der Kapelle zu sichern, beschloss man kurz darauf, einen Verein zu gründen.</p>



<p>Am Samstag, dem 9. Juni 1951 wurden die Einwohner Steinmauerns zur Gründung eines Musikvereins ins Gasthaus &#8222;Zum Anker&#8220; eingeladen. Zu Beginn der Versammlung spielte die junge Kapelle einige Stücke. Nach ausführlicher Besprechung waren die 53 Männer, die zur Versammlung erschienen waren, sich einig, einen Verein zu gründen.</p>



<p>Bereits Juli 1951 wurde eine Mitgliederwerbung durchgeführt, die einen Zuwachs von 160 Mitgliedern brachte. Der Verein zählte damals insgesamt 213 aktive und passive Mitglieder. Schon 1951 wurde ein Sommerfest unter Mitwirkung der Nachbarvereine aus Plittersdorf, Elchesheim-Illingen und  Ötigheim durchgeführt. So war schon damals die Verwaltung bestrebt, mit Sommerfesten, Weihnachtsfeiern und Faschingsbällen den Mitgliedern und der Bevölkerung einige Unterhaltung zu bieten und gleichzeitig &#8222;die Kasse zu stärken&#8220;.</p>



<div class="wp-block-group has-cyan-bluish-gray-background-color has-background"><div class="wp-block-group__inner-container is-layout-flow wp-block-group-is-layout-flow">
<h3 class="has-very-dark-gray-color has-text-color wp-block-heading">Aktive Mitglieder der Kapelle 1951</h3>



<p class="has-very-dark-gray-color has-very-light-gray-background-color has-text-color has-background">Anton Fettig, Karl Griesemer, Herrmann Haas, Alfred Becker, Albert Fortenbacher,  Walter Schuster, Franz Grünbacher, Alfred Kölmel, Engelbert Götz,  Josef Weßbecher, Gustav Unser, Josef Lehmann, Helmut Götz,  Alfred Boos, Werner Kölmel, Karl Fiedler,  Otto Fettig, Günter Lichtenwalder,  Heinz Weidenbacher, Richard Lehmann </p>
</div></div>



<div class="wp-block-group has-cyan-bluish-gray-background-color has-background"><div class="wp-block-group__inner-container is-layout-flow wp-block-group-is-layout-flow">
<h3 class="has-very-dark-gray-color has-text-color wp-block-heading">Vorstandschaft 1951</h3>



<p class="has-very-dark-gray-color has-very-light-gray-background-color has-text-color has-background">1. Vorsitzender: Friedrich Hatz<br>2. Vorsitzender: Karl Griesemer<br>Kassier: Albert Weßbecher<br>Schriftführer: Herrmann Heinrich<br>Vereinsbote: Jakob Fritz<br>aktive Beisitzer: Anton Fettig, Herrmann Haas<br>passive Beisitzer: Anton Grünbacher, Ludwig Nold</p>
</div></div>



<h3 class="wp-block-heading">Chronologie und &#8222;Highlights&#8220; der Folgejahre:</h3>



<ul class="wp-block-list"><li>1956 wurden die neuen Glocken mit Marschmusik zur Kirche geleitet</li><li>Erntedankfeste 1958, 1960 und 1963</li><li>Musik zur Einweihung der neuen Schule und Turnhalle im September 1963</li><li>Feierliche Umrahmung der Einweihung des neuen Feuerwehrhauses 1966</li><li>1970 &#8211; erste Ehrungen für 10 und 20 Jahre Vereinszugehörigkeit</li><li>Januar und Dezember 1975 Winterfeiern zusammen mit dem Gesangsverein</li><li>1975 Gründung der Jugendkapelle</li><li>Juni 1976 Jubiläumsfest zum 25-jährigen Bestehen</li><li>1980 Auftritt im Herzogenriedpark in Mannheim</li><li>1981 Auftritt beim Kurkonzert in Titisee</li><li>1989 Teilnahme am Musikfestival in Trier</li><li>1989 zahlreiche Veranstaltungen zur 750-Jahr-Feier der Gemeinde</li><li>1991 Auftritt der 76th US Army Band zur 40-jährigen Geburtstagsfeier des Vereins</li><li>13. Juni 1992 Country- und Westernabend</li><li>1998 Aufenthalt bei der Schweizer Partnergemeinde Steinmaur</li><li>3. Oktober 2000 erstes Schlachtfest</li><li>8. bis 11. Juni 2001 Jubiläumsfest mit 4-tägigem Festprogramm zum 50-jährigen Jubiläum</li><li>2007 Musikfest mit &#8222;Timbersport&#8220; (Sportholzfällen) </li></ul>

<p>Die Geschichte der Blasmusik in Steinmauern ist viel älter als der Musikverein. Schon 1924 wurde nämlich ein Musikverein gegründet, der damals 190 Mitglieder zählte &#8211; 25 davon aktive. Infolge der politischen Verhältnisse löste sich der Verein 1935 jedoch auf. Das Gründungsjahr 1951: Im Jahre 1950 machte der damalige Bürgermeister Alfred Boos den Vorschlag in Steinmauern &hellip; </p>
<p class="link-more"><a href="https://mv-steinmauern.de/?page_id=59" class="more-link"><span class="screen-reader-text">„Chronik“ </span>weiterlesen</a></p>
