{"id":277,"date":"2020-01-03T10:45:47","date_gmt":"2020-01-03T09:45:47","guid":{"rendered":"http:\/\/mv-steinmauern.de\/?page_id=277"},"modified":"2025-07-30T11:20:39","modified_gmt":"2025-07-30T10:20:39","slug":"blockfloetenklassen","status":"publish","type":"page","link":"https:\/\/mv-steinmauern.de\/?page_id=277","title":{"rendered":"Blockfl\u00f6tenklassen"},"content":{"rendered":"\n<figure class=\"wp-block-image size-large\"><img loading=\"lazy\" decoding=\"async\" width=\"1024\" height=\"768\" src=\"https:\/\/mv-steinmauern.de\/wp-content\/uploads\/2020\/01\/371296_original_R_K_B_by_Dieter-Sch\u00fctz_pixelio.de_-1024x768.jpg\" alt=\"\" class=\"wp-image-345\" srcset=\"https:\/\/mv-steinmauern.de\/wp-content\/uploads\/2020\/01\/371296_original_R_K_B_by_Dieter-Sch\u00fctz_pixelio.de_-1024x768.jpg 1024w, https:\/\/mv-steinmauern.de\/wp-content\/uploads\/2020\/01\/371296_original_R_K_B_by_Dieter-Sch\u00fctz_pixelio.de_-300x225.jpg 300w, https:\/\/mv-steinmauern.de\/wp-content\/uploads\/2020\/01\/371296_original_R_K_B_by_Dieter-Sch\u00fctz_pixelio.de_-768x576.jpg 768w, https:\/\/mv-steinmauern.de\/wp-content\/uploads\/2020\/01\/371296_original_R_K_B_by_Dieter-Sch\u00fctz_pixelio.de_-1536x1152.jpg 1536w, https:\/\/mv-steinmauern.de\/wp-content\/uploads\/2020\/01\/371296_original_R_K_B_by_Dieter-Sch\u00fctz_pixelio.de_-2048x1536.jpg 2048w\" sizes=\"auto, (max-width: 767px) 89vw, (max-width: 1000px) 54vw, (max-width: 1071px) 543px, 580px\" \/><\/figure>\n\n\n\n<p>F\u00fcr Kinder in den ersten Grundschulklassen bieten wir derzeit die Ausbildung an der Blockfl\u00f6te an. <\/p>\n\n\n\n<p>Derzeit gibt es je zwei Anf\u00e4ngergruppen und  zwei Fortgeschrittenengruppen. Jede Gruppe besteht aus vier Kindern.  Sie werden von vereinseigenen Ausbildern spielerisch ans Notenlernen und ans Blockfl\u00f6tenspiel  herangef\u00fchrt.  <\/p>\n\n\n\n<p class=\"has-very-dark-gray-color has-very-light-gray-background-color has-text-color has-background\">Der Unterricht findet w\u00f6chentlich statt und dauert 45 Minuten pro Unterrichtseinheit. In den Ferien und an Feiertagen findet kein Unterricht statt. Die Teilnahme an der Blockf\u00f6tenklasse kostet derzeit 17 \u20ac im Monat. Der Unterricht ist auf 2 Jahre ausgelegt.<\/p>\n\n\n\n<p>Beim allj\u00e4hrlich stattfindenen Jungmusikervorspiel haben die Blockfl\u00f6tenklassen bereits ihre ersten \u00f6ffentlichen Auftritte, bei denen die Kinder ihr Gelerntes den stolzen Eltern, Gro\u00dfeltern und Geschwistern pr\u00e4sentieren k\u00f6nnen.<\/p>\n\n\n\n<p>An die Blockfl\u00f6tenklasse schlie\u00dft sich &#8211; als n\u00e4chster Baustein der Ausbildung &#8211; der <a href=\"http:\/\/mv-steinmauern.de\/?page_id=279\">Instrumentalunterricht<\/a> am jeweils gew\u00e4hlten Musikinstrument an.<\/p>\n\n\n\n<div style=\"height:33px\" aria-hidden=\"true\" class=\"wp-block-spacer\"><\/div>\n\n\n\n<pre class=\"wp-block-preformatted\">Bildnachweis: Dieter Sch\u00fctz &nbsp;\/ pixelio.de<\/pre>\n\n\n\n<p><\/p>\n","protected":false},"excerpt":{"rendered":"<p>F\u00fcr Kinder in den ersten Grundschulklassen bieten wir derzeit die Ausbildung an der Blockfl\u00f6te an. Derzeit gibt es je zwei Anf\u00e4ngergruppen und zwei Fortgeschrittenengruppen. Jede Gruppe besteht aus vier Kindern. Sie werden von vereinseigenen Ausbildern spielerisch ans Notenlernen und ans Blockfl\u00f6tenspiel herangef\u00fchrt. Der Unterricht findet w\u00f6chentlich statt und dauert 45 Minuten pro Unterrichtseinheit. In den &hellip; <\/p>\n<p class=\"link-more\"><a href=\"https:\/\/mv-steinmauern.de\/?page_id=277\" class=\"more-link\"><span class=\"screen-reader-text\">\u201eBlockfl\u00f6tenklassen\u201c <\/span>weiterlesen<\/a><\/p>\n","protected":false},"author":1,"featured_media":515,"parent":0,"menu_order":0,"comment_status":"closed","ping_status":"closed","template":"","meta":{"footnotes":""},"class_list":["post-277","page","type-page","status-publish","has-post-thumbnail","hentry"],"_links":{"self":[{"href":"https:\/\/mv-steinmauern.de\/index.php?rest_route=\/wp\/v2\/pages\/277","targetHints":{"allow":["GET"]}}],"collection":[{"href":"https:\/\/mv-steinmauern.de\/index.php?rest_route=\/wp\/v2\/pages"}],"about":[{"href":"https:\/\/mv-steinmauern.de\/index.php?rest_route=\/wp\/v2\/types\/page"}],"author":[{"embeddable":true,"href":"https:\/\/mv-steinmauern.de\/index.php?rest_route=\/wp\/v2\/users\/1"}],"replies":[{"embeddable":true,"href":"https:\/\/mv-steinmauern.de\/index.php?rest_route=%2Fwp%2Fv2%2Fcomments&post=277"}],"version-history":[{"count":8,"href":"https:\/\/mv-steinmauern.de\/index.php?rest_route=\/wp\/v2\/pages\/277\/revisions"}],"predecessor-version":[{"id":762,"href":"https:\/\/mv-steinmauern.de\/index.php?rest_route=\/wp\/v2\/pages\/277\/revisions\/762"}],"wp:featuredmedia":[{"embeddable":true,"href":"https:\/\/mv-steinmauern.de\/index.php?rest_route=\/wp\/v2\/media\/515"}],"wp:attachment":[{"href":"https:\/\/mv-steinmauern.de\/index.php?rest_route=%2Fwp%2Fv2%2Fmedia&parent=277"}],"curies":[{"name":"wp","href":"https:\/\/api.w.org\/{rel}","templated":true}]}}