{"id":275,"date":"2020-01-03T10:45:27","date_gmt":"2020-01-03T09:45:27","guid":{"rendered":"http:\/\/mv-steinmauern.de\/?page_id=275"},"modified":"2025-07-30T11:25:39","modified_gmt":"2025-07-30T10:25:39","slug":"musikalische-frueherziehung","status":"publish","type":"page","link":"https:\/\/mv-steinmauern.de\/?page_id=275","title":{"rendered":"Musikalische Fr\u00fcherziehung"},"content":{"rendered":"\n<figure class=\"wp-block-image size-large\"><img loading=\"lazy\" decoding=\"async\" width=\"1024\" height=\"805\" src=\"https:\/\/mv-steinmauern.de\/wp-content\/uploads\/2020\/01\/225204_original_R_K_B_by_Stephanie-Hofschlaeger_pixelio.de_-1024x805.jpg\" alt=\"\" class=\"wp-image-347\" srcset=\"https:\/\/mv-steinmauern.de\/wp-content\/uploads\/2020\/01\/225204_original_R_K_B_by_Stephanie-Hofschlaeger_pixelio.de_-1024x805.jpg 1024w, https:\/\/mv-steinmauern.de\/wp-content\/uploads\/2020\/01\/225204_original_R_K_B_by_Stephanie-Hofschlaeger_pixelio.de_-300x236.jpg 300w, https:\/\/mv-steinmauern.de\/wp-content\/uploads\/2020\/01\/225204_original_R_K_B_by_Stephanie-Hofschlaeger_pixelio.de_-768x603.jpg 768w, https:\/\/mv-steinmauern.de\/wp-content\/uploads\/2020\/01\/225204_original_R_K_B_by_Stephanie-Hofschlaeger_pixelio.de_-1536x1207.jpg 1536w, https:\/\/mv-steinmauern.de\/wp-content\/uploads\/2020\/01\/225204_original_R_K_B_by_Stephanie-Hofschlaeger_pixelio.de_.jpg 1550w\" sizes=\"auto, (max-width: 767px) 89vw, (max-width: 1000px) 54vw, (max-width: 1071px) 543px, 580px\" \/><figcaption class=\"wp-element-caption\">Stephanie Hofschlaeger &nbsp;\/ pixelio.de<\/figcaption><\/figure>\n\n\n\n<p>Singen und Musizieren spielen in der fr\u00fchkindlichen F\u00f6rderung,  insbesondere f\u00fcr die sprachliche Entwicklung, eine gro\u00dfe Rolle. Das  haben Wissenschaftler und P\u00e4dagogen l\u00e4ngst erkannt. <\/p>\n\n\n\n<p>Seit 2015 bieten wir die musikalische Fr\u00fcherziehung an.<\/p>\n\n\n\n<div class=\"wp-block-group has-very-light-gray-background-color has-background\"><div class=\"wp-block-group__inner-container is-layout-flow wp-block-group-is-layout-flow\">\n<p class=\"has-very-dark-gray-color has-very-light-gray-background-color has-text-color has-background\">Der Unterricht wird w\u00f6chentlich von der Musikp\u00e4dagogin Ruth Becker durchgef\u00fchrt und dauert 45 Minuten pro Unterrichtseinheit. In den Ferien und an Feiertagen findet kein Unterricht statt. Die Teilnahme an der musikalischen Fr\u00fcherziehung kostet derzeit 17 \u20ac im Monat.<\/p>\n<\/div><\/div>\n\n\n\n<div style=\"height:27px\" aria-hidden=\"true\" class=\"wp-block-spacer\"><\/div>\n\n\n\n<p>In der musikalischen Fr\u00fcherziehung werden Ihre Kinder in spielerischer Form an die Musik herangef\u00fchrt. Hierbei soll gleichberechtigt neben musikalischen Inhalten die Gesamtentwicklung des Kindes positiv beeinflusst werden. Das Kind lernt sich und seine Umwelt durch Gruppen- und Einzelaktivit\u00e4ten kennen. Soziale Faktoren wie Interesse, Aufmerksamkeit und Lernbereitschaft werden gef\u00f6rdert.&nbsp; Erlebnisbezogene Aktionen, die der Altersgruppe entsprechen, stehen bei der musikalischen Erarbeitung im Vordergrund. M\u00f6glichkeiten, kreatives Verhalten zu entwickeln, werden durch viele Anregungen unterst\u00fctzt.<\/p>\n\n\n\n<div class=\"wp-block-group has-very-light-gray-background-color has-background\"><div class=\"wp-block-group__inner-container is-layout-flow wp-block-group-is-layout-flow\">\n<p class=\"has-very-dark-gray-color has-very-light-gray-background-color has-text-color has-background\"><strong>Lerninhalte der musikalischen Fr\u00fcherziehung:<\/strong><br><br>Rhythmisches Sprechen \u2013 Singen \u2013 Bewegung\/Tanz \u2013 Sinnesschulung \u2013 Musikh\u00f6ren \u2013 Malen \u2013 Kennenlernen von Instrumenten aus verschiedenen Familien \u2013 Elementares Instrumentalspiel<\/p>\n<\/div><\/div>\n\n\n\n<div style=\"height:25px\" aria-hidden=\"true\" class=\"wp-block-spacer\"><\/div>\n\n\n\n<p>Beim allj\u00e4hrlich stattfindenen Jungmusikervorspiel haben die Kinder bereits ihren ersten \u00f6ffentlichen Auftritt, bei denen sie ihr Gelerntes den stolzen Eltern, Gro\u00dfeltern und  Geschwistern pr\u00e4sentieren k\u00f6nnen. <\/p>\n\n\n\n<p>An die musikalische Fr\u00fcherziehung schlie\u00dft sich \u2013 als n\u00e4chster Baustein der Ausbildung \u2013 der <a href=\"https:\/\/mv-steinmauern.de\/?page_id=277\">Blockf\u00f6tenunterricht <\/a>sinnvoll an. <\/p>\n","protected":false},"excerpt":{"rendered":"<p>Singen und Musizieren spielen in der fr\u00fchkindlichen F\u00f6rderung, insbesondere f\u00fcr die sprachliche Entwicklung, eine gro\u00dfe Rolle. Das haben Wissenschaftler und P\u00e4dagogen l\u00e4ngst erkannt. Seit 2015 bieten wir die musikalische Fr\u00fcherziehung an. Der Unterricht wird w\u00f6chentlich von der Musikp\u00e4dagogin Ruth Becker durchgef\u00fchrt und dauert 45 Minuten pro Unterrichtseinheit. In den Ferien und an Feiertagen findet kein &hellip; <\/p>\n<p class=\"link-more\"><a href=\"https:\/\/mv-steinmauern.de\/?page_id=275\" class=\"more-link\"><span class=\"screen-reader-text\">\u201eMusikalische Fr\u00fcherziehung\u201c <\/span>weiterlesen<\/a><\/p>\n","protected":false},"author":1,"featured_media":515,"parent":0,"menu_order":0,"comment_status":"closed","ping_status":"closed","template":"","meta":{"footnotes":""},"class_list":["post-275","page","type-page","status-publish","has-post-thumbnail","hentry"],"_links":{"self":[{"href":"https:\/\/mv-steinmauern.de\/index.php?rest_route=\/wp\/v2\/pages\/275","targetHints":{"allow":["GET"]}}],"collection":[{"href":"https:\/\/mv-steinmauern.de\/index.php?rest_route=\/wp\/v2\/pages"}],"about":[{"href":"https:\/\/mv-steinmauern.de\/index.php?rest_route=\/wp\/v2\/types\/page"}],"author":[{"embeddable":true,"href":"https:\/\/mv-steinmauern.de\/index.php?rest_route=\/wp\/v2\/users\/1"}],"replies":[{"embeddable":true,"href":"https:\/\/mv-steinmauern.de\/index.php?rest_route=%2Fwp%2Fv2%2Fcomments&post=275"}],"version-history":[{"count":16,"href":"https:\/\/mv-steinmauern.de\/index.php?rest_route=\/wp\/v2\/pages\/275\/revisions"}],"predecessor-version":[{"id":782,"href":"https:\/\/mv-steinmauern.de\/index.php?rest_route=\/wp\/v2\/pages\/275\/revisions\/782"}],"wp:featuredmedia":[{"embeddable":true,"href":"https:\/\/mv-steinmauern.de\/index.php?rest_route=\/wp\/v2\/media\/515"}],"wp:attachment":[{"href":"https:\/\/mv-steinmauern.de\/index.php?rest_route=%2Fwp%2Fv2%2Fmedia&parent=275"}],"curies":[{"name":"wp","href":"https:\/\/api.w.org\/{rel}","templated":true}]}}

Musikalische Früherziehung

<figure class="wp-block-image size-large"><img loading="lazy" decoding="async" width="1024" height="805" src="https://mv-steinmauern.de/wp-content/uploads/2020/01/225204_original_R_K_B_by_Stephanie-Hofschlaeger_pixelio.de_-1024x805.jpg" alt="" class="wp-image-347" srcset="https://mv-steinmauern.de/wp-content/uploads/2020/01/225204_original_R_K_B_by_Stephanie-Hofschlaeger_pixelio.de_-1024x805.jpg 1024w, https://mv-steinmauern.de/wp-content/uploads/2020/01/225204_original_R_K_B_by_Stephanie-Hofschlaeger_pixelio.de_-300x236.jpg 300w, https://mv-steinmauern.de/wp-content/uploads/2020/01/225204_original_R_K_B_by_Stephanie-Hofschlaeger_pixelio.de_-768x603.jpg 768w, https://mv-steinmauern.de/wp-content/uploads/2020/01/225204_original_R_K_B_by_Stephanie-Hofschlaeger_pixelio.de_-1536x1207.jpg 1536w, https://mv-steinmauern.de/wp-content/uploads/2020/01/225204_original_R_K_B_by_Stephanie-Hofschlaeger_pixelio.de_.jpg 1550w" sizes="auto, (max-width: 767px) 89vw, (max-width: 1000px) 54vw, (max-width: 1071px) 543px, 580px" /><figcaption class="wp-element-caption">Stephanie Hofschlaeger &nbsp;/ pixelio.de</figcaption></figure>



<p>Singen und Musizieren spielen in der frühkindlichen Förderung,  insbesondere für die sprachliche Entwicklung, eine große Rolle. Das  haben Wissenschaftler und Pädagogen längst erkannt. </p>



<p>Seit 2015 bieten wir die musikalische Früherziehung an.</p>



<div class="wp-block-group has-very-light-gray-background-color has-background"><div class="wp-block-group__inner-container is-layout-flow wp-block-group-is-layout-flow">
<p class="has-very-dark-gray-color has-very-light-gray-background-color has-text-color has-background">Der Unterricht wird wöchentlich von der Musikpädagogin Ruth Becker durchgeführt und dauert 45 Minuten pro Unterrichtseinheit. In den Ferien und an Feiertagen findet kein Unterricht statt. Die Teilnahme an der musikalischen Früherziehung kostet derzeit 17 € im Monat.</p>
</div></div>



<div style="height:27px" aria-hidden="true" class="wp-block-spacer"></div>



<p>In der musikalischen Früherziehung werden Ihre Kinder in spielerischer Form an die Musik herangeführt. Hierbei soll gleichberechtigt neben musikalischen Inhalten die Gesamtentwicklung des Kindes positiv beeinflusst werden. Das Kind lernt sich und seine Umwelt durch Gruppen- und Einzelaktivitäten kennen. Soziale Faktoren wie Interesse, Aufmerksamkeit und Lernbereitschaft werden gefördert.&nbsp; Erlebnisbezogene Aktionen, die der Altersgruppe entsprechen, stehen bei der musikalischen Erarbeitung im Vordergrund. Möglichkeiten, kreatives Verhalten zu entwickeln, werden durch viele Anregungen unterstützt.</p>



<div class="wp-block-group has-very-light-gray-background-color has-background"><div class="wp-block-group__inner-container is-layout-flow wp-block-group-is-layout-flow">
<p class="has-very-dark-gray-color has-very-light-gray-background-color has-text-color has-background"><strong>Lerninhalte der musikalischen Früherziehung:</strong><br><br>Rhythmisches Sprechen – Singen – Bewegung/Tanz – Sinnesschulung – Musikhören – Malen – Kennenlernen von Instrumenten aus verschiedenen Familien – Elementares Instrumentalspiel</p>
</div></div>



<div style="height:25px" aria-hidden="true" class="wp-block-spacer"></div>



<p>Beim alljährlich stattfindenen Jungmusikervorspiel haben die Kinder bereits ihren ersten öffentlichen Auftritt, bei denen sie ihr Gelerntes den stolzen Eltern, Großeltern und  Geschwistern präsentieren können. </p>



<p>An die musikalische Früherziehung schließt sich – als nächster Baustein der Ausbildung – der <a href="https://mv-steinmauern.de/?page_id=277">Blockfötenunterricht </a>sinnvoll an. </p>

<p>Singen und Musizieren spielen in der frühkindlichen Förderung, insbesondere für die sprachliche Entwicklung, eine große Rolle. Das haben Wissenschaftler und Pädagogen längst erkannt. Seit 2015 bieten wir die musikalische Früherziehung an. Der Unterricht wird wöchentlich von der Musikpädagogin Ruth Becker durchgeführt und dauert 45 Minuten pro Unterrichtseinheit. In den Ferien und an Feiertagen findet kein &hellip; </p>
<p class="link-more"><a href="https://mv-steinmauern.de/?page_id=275" class="more-link"><span class="screen-reader-text">„Musikalische Früherziehung“ </span>weiterlesen</a></p>
