{"id":100,"date":"2019-12-30T11:34:07","date_gmt":"2019-12-30T10:34:07","guid":{"rendered":"http:\/\/mv-steinmauern.de\/?page_id=100"},"modified":"2020-09-15T07:58:21","modified_gmt":"2020-09-15T06:58:21","slug":"recht-auf-loeschung","status":"publish","type":"page","link":"https:\/\/mv-steinmauern.de\/?page_id=100","title":{"rendered":"Recht auf L\u00f6schung"},"content":{"rendered":"\n<p>Betroffene Personen haben das Recht, dass personenbezogene Daten unverz\u00fcglich gel\u00f6scht werden. Sie k\u00f6nnen ihre Einwilligung zur Ver\u00f6ffentlichung ihrer Daten oder Bilder zur\u00fcckziehen.\nBeantragen Sie die L\u00f6schung eines Bildes, einer namentlichen Nennung oder einer Textpassage.<\/p>\n\n\n\n<p>Zur Kontaktaufnahme bez\u00fcglich des Datenschutzes k\u00f6nnen Sie sich gern an uns wenden.<\/p>\n\n\n\n<p>Musikverein 1951 Steinmauern e.V.<br>Daniel Klein, 1. Vorstand <br>Korbmacherweg 4<br>76479 Steinmauern <br>vorstand@musikverein-steinmauern.de <\/p>\n","protected":false},"excerpt":{"rendered":"<p>Betroffene Personen haben das Recht, dass personenbezogene Daten unverz\u00fcglich gel\u00f6scht werden. Sie k\u00f6nnen ihre Einwilligung zur Ver\u00f6ffentlichung ihrer Daten oder Bilder zur\u00fcckziehen. Beantragen Sie die L\u00f6schung eines Bildes, einer namentlichen Nennung oder einer Textpassage. Zur Kontaktaufnahme bez\u00fcglich des Datenschutzes k\u00f6nnen Sie sich gern an uns wenden. Musikverein 1951 Steinmauern e.V.Daniel Klein, 1. Vorstand Korbmacherweg 476479 &hellip; <\/p>\n<p class=\"link-more\"><a href=\"https:\/\/mv-steinmauern.de\/?page_id=100\" class=\"more-link\"><span class=\"screen-reader-text\">\u201eRecht auf L\u00f6schung\u201c <\/span>weiterlesen<\/a><\/p>\n","protected":false},"author":1,"featured_media":0,"parent":0,"menu_order":0,"comment_status":"closed","ping_status":"closed","template":"","meta":{"footnotes":""},"class_list":["post-100","page","type-page","status-publish","hentry"],"_links":{"self":[{"href":"https:\/\/mv-steinmauern.de\/index.php?rest_route=\/wp\/v2\/pages\/100","targetHints":{"allow":["GET"]}}],"collection":[{"href":"https:\/\/mv-steinmauern.de\/index.php?rest_route=\/wp\/v2\/pages"}],"about":[{"href":"https:\/\/mv-steinmauern.de\/index.php?rest_route=\/wp\/v2\/types\/page"}],"author":[{"embeddable":true,"href":"https:\/\/mv-steinmauern.de\/index.php?rest_route=\/wp\/v2\/users\/1"}],"replies":[{"embeddable":true,"href":"https:\/\/mv-steinmauern.de\/index.php?rest_route=%2Fwp%2Fv2%2Fcomments&post=100"}],"version-history":[{"count":3,"href":"https:\/\/mv-steinmauern.de\/index.php?rest_route=\/wp\/v2\/pages\/100\/revisions"}],"predecessor-version":[{"id":428,"href":"https:\/\/mv-steinmauern.de\/index.php?rest_route=\/wp\/v2\/pages\/100\/revisions\/428"}],"wp:attachment":[{"href":"https:\/\/mv-steinmauern.de\/index.php?rest_route=%2Fwp%2Fv2%2Fmedia&parent=100"}],"curies":[{"name":"wp","href":"https:\/\/api.w.org\/{rel}","templated":true}]}}